e 6, what is 544 - -1?
545
In base 4, what is -10 + -20212?
-20222
In base 3, what is 11 + 21101020?
21101101
In base 6, what is -2 + 214?
212
In base 13, what is 1 - -9b1?
9b2
In base 16, what is -21 - -33?
12
In base 3, what is 1220101 - -10?
1220111
In base 11, what is 2 + 17?
19
In base 15, what is 36 - -3?
39
In base 9, what is 4 + -120?
-115
In base 16, what is -10 - -a4?
94
In base 13, what is 1 - -78?
79
In base 5, what is 1021 - 4?
1012
In base 15, what is -5d + -1?
-5e
In base 13, what is 43 + -6?
3a
In base 12, what is 39 - -3?
40
In base 7, what is -15613 - -3?
-15610
In base 16, what is -a - -12?
8
In base 10, what is -3 + 2?
-1
In base 13, what is -4 - -26?
22
In base 10, what is 110 + 31?
141
In base 3, what is -1 - 221?
-222
In base 8, what is -2071 - 0?
-2071
In base 11, what is -126 - 0?
-126
In base 3, what is -12 - 12102?
-12121
In base 14, what is -a + 45?
39
In base 9, what is -3 - 482?
-485
In base 5, what is 10 + 30?
40
In base 12, what is -5 + -a78?
-a81
In base 9, what is 8 - 22?
-13
In base 9, what is -48 + 3?
-45
In base 2, what is 110 - 11?
11
In base 8, what is 253 + -3?
250
In base 8, what is -606 + 2?
-604
In base 15, what is -e - 2b8?
-2c7
In base 5, what is 20 + 44?
114
In base 12, what is -3 + -119?
-120
In base 9, what is -42 + 13?
-28
In base 3, what is 2202 - 101?
2101
In base 12, what is -50 + 5b?
b
In base 11, what is -63 + -1?
-64
In base 7, what is 15 + -14?
1
In base 10, what is -14 - -22?
8
In base 7, what is -11 - 35?
-46
In base 13, what is 16 - 12?
4
In base 15, what is -4 + -88?
-8c
In base 8, what is 13 + -25?
-12
In base 10, what is 1 + 5?
6
In base 14, what is -43 + -4?
-47
In base 9, what is -218 + -2?
-221
In base 12, what is 4 + -735?
-731
In base 2, what is -1 - 100010111?
-100011000
In base 5, what is -2342 - 1?
-2343
In base 14, what is -d0b - -8?
-d03
In base 6, what is 3 + -14134?
-14131
In base 11, what is 125 - -2?
127
In base 11, what is -64 + -4?
-68
In base 14, what is 0 + 34?
34
In base 3, what is 2 + -12021?
-12012
In base 15, what is -4a + 17?
-33
In base 11, what is -5 + 67?
62
In base 16, what is 2 - 1214?
-1212
In base 4, what is 323 + 23?
1012
In base 11, what is -4 + -453?
-457
In base 6, what is -112 - -55?
-13
In base 2, what is -10000011 - 1100?
-10001111
In base 7, what is -21464 - -5?
-21456
In base 16, what is -4 - 5c4?
-5c8
In base 7, what is 2 - 50?
-45
In base 2, what is 11101 - -10010?
101111
In base 2, what is -11011010110 - 101?
-11011011011
In base 14, what is -4 + -49?
-4d
In base 14, what is 6d6 - 5?
6d1
In base 10, what is -7 + -31?
-38
In base 11, what is -34 + 5?
-2a
In base 13, what is -1 - -16?
15
In base 11, what is -129 + -6?
-134
In base 2, what is -100 - -110100?
110000
In base 14, what is 59 + -18?
41
In base 3, what is 10 - -102?
112
In base 3, what is -12 - -2022?
2010
In base 16, what is -9 + -ee?
-f7
In base 8, what is 6 + 1677?
1705
In base 9, what is 1432 - 3?
1428
In base 5, what is 1 - 12024?
-12023
In base 8, what is -25441 - -5?
-25434
In base 5, what is -1204121 - 2?
-1204123
In base 14, what is 5 - 27?
-22
In base 6, what is 2 + -1004?
-1002
In base 11, what is -1 - 230?
-231
In base 16, what is -88f - -11?
-87e
In base 16, what is c - -90?
9c
In base 6, what is -12540 + 0?
-12540
In base 10, what is 0 + 48?
48
In base 6, what is 1 + -353?
-352
In base 3, what is -1221 + 0?
-1221
In base 2, what is -1010000011 + 100?
-1001111111
In base 16, what is -97 - 3?
-9a
In base 9, what is 4 - -515?
520
In base 7, what is -24 - -2?
-22
In base 7, what is -1216 - -53?
-1133
In base 2, what is -1010001000 + 11?
-1010000101
In base 13, what is 6b - -7?
75
In base 3, what is -12101 - 11221?
-101022
In base 14, what is -327 - -3?
-324
In base 10, what is -1234 - 1?
-1235
In base 13, what is -a + -49?
-56
In base 2, what is -110010111010 + 0?
-110010111010
In base 12, what is 5 + 812?
817
In base 10, what is -288 + 8?
-280
In base 5, what is -44033 + 3?
-44030
In base 14, what is -5a + 6?
-54
In base 15, what is d - -60?
6d
In base 14, what is -5 + 8d?
88
In base 4, what is 12123 - -10?
12133
In base 3, what is 2 + 2?
11
In base 6, what is -3 + 24?
21
In base 2, what is 10010000 - 10?
10001110
In base 16, what is d + -14?
-7
In base 13, what is 1c + -27?
-8
In base 10, what is -1 - 1023?
-1024
In base 12, what is -99 + 0?
-99
In base 12, what is -6 - -7b6?
7b0
In base 8, what is -76 - -4?
-72
In base 15, what is -1357 - 3?
-135a
In base 10, what is -12 + -850?
-862
In base 11, what is -763 + 4?
-75a
In base 15, what is 3 + c21?
c24
In base 6, what is 150 + -1?
145
In base 4, what is 12 - 130?
-112
In base 9, what is 6 - -108?
115
In base 8, what is 15772 + -3?
15767
In base 6, what is 1004 - -23?
1031
In base 13, what is 1 - 907?
-906
In base 12, what is b - 1025?
-1016
In base 8, what is 3 + -235?
-232
In base 4, what is -23232 + 30?
-23202
In base 11, what is 2 - 67?
-65
In base 16, what is 29f - -5?
2a4
In base 6, what is 225 + -25?
200
In base 4, what is -1 + 311?
310
In base 2, what is -1000010 - 100?
-1000110
In base 7, what is 22 - 123?
-101
In base 7, what is 15 + 1?
16
In base 4, what is 2023322 + 1?
2023323
In base 13, what is -27 - 1?
-28
In base 15, what is 6 + 70?
76
In base 13, what is 11b8 + -3?
11b5
In base 6, what is 4 - 2014?
-2010
In base 3, what is 1010 + -1?
1002
In base 10, what is -22 - 3?
-25
In base 5, what is -4 + -30142?
-30201
In base 7, what is -1 - -2005?
2004
In base 13, what is 6ab6 + 5?
6abb
In base 6, what is -133 - 13?
-150
In base 7, what is 1165 - -6?
1204
In base 13, what is 54b + -2?
549
In base 15, what is 2 + -d?
-b
In base 6, what is -10 + 2?
-4
In base 15, what is -a - -6?
-4
In base 9, what is 520 + -1?
518
In base 7, what is 3 + 1400?
1403
In base 16, what is -1 + 56?
55
In base 2, what is -100100 - 101?
-101001
In base 16, what is -13f8 - -1?
-13f7
In base 16, what is 5 + -bd?
-b8
In base 9, what is -448 + -23?
-472
In base 2, what is -10111110111 - -10?
-10111110101
In base 12, what is -146a5 + -1?
-146a6
In base 15, what is 5 + -120?
-11a
In base 16, what is -176 + 3?
-173
In base 4, what is 1 + -133033?
-133032
In base 16, what is -b + -c6?
-d1
In base 2, what is -101010111100 - 1?
-101010111101
In base 12, what is -55 + -20?
-75
In base 8, what is -6 - -1?
-5
In base 14, what is 11 + 4?
15
In base 12, what is -20b - 1?
-210
In base 16, what is -1 + -6aa?
-6ab
In base 14, what is -82 - -16?
-6a
In base 4, what is 203220 + -1?
203213
In base 4, what is 3 + -1023?
-1020
In base 11, what is -48 + -a0?
-138
In base 2, what is -11110111 + -1001?
-100000000
In base 15, what is 1a7 - 3?
1a4
In base 9, what is 14 - 345?
-331
In base 13, what is -20 + 1?
-1c
In base 11, what is -262 - -1?
-261
In base 3, what is -1 + -11002?
-11010
In base 4, what is -110310 + 10?
-110300
In base 5, what is -3 - -124?
121
In base 7, what is 55 - 163?
-105
In base 10, what is 0 + -1459?
-1459
In base 14, what is 12 - -6?
18
In base 15, what is -e21 - -3?
-e1d
In base 9, what is 816 - -3?
820
In base 11, what is 4 - 778?
-774
In base 8, what is -2 - -4606?
4604
In base 11, what is -238 - 0?
-238
In base 6, what is -3 - 11344?
-11351
In base 16, what is 4 + -62?
-5e
In base 10, what is 22 + -109?
-87
In base 7, what is -55652 + 4?
-55645
In base 13, what is 13c + 5?
144
In base 12, what is b - -a1a?
a29
In base 2, what is 10110110 + 1?
10110111
In base 4, what is -10 - -1023?
1013
In base 11, what is 7 - aa4?
-a98
In base 10, what is -3 + -128?
-131
In base 7, what is 1 - -101?
102
In base 9, what is -42 - 0?
-42
In base 2, what is -100111011 - -11?
-100111000
In base 10, what is -30 + -18?
-48
In base 16, what is 1a - 4?
16
In base 5, what is 3321 + 2?
3323
In base 10, what is -2 + 5?
3
In base 5, what is 133 + 3?
141
In base 13, what is -7a6 + -3?
-7a9
In base 3, what is 1121121 + -1?
1121120
In base 11, what is 341 - -2?
343
In base 13, what is -a21 - -2?
-a1c
In base 14, what is -19 - 196?
-1b1
In base 4, what is -231 - 10?
-301
In base 13, what is 2 - -ba?
bc
In base 9, what is -7 - 13?
-21
In base 11, what is 2 + -31?
-2a
In base 2, what is 101100110110 - -100?
101100111010
In base 13, what is 463 + -3?
460
In base 4, what is -2 - 2110?
-2112
In base 8, what is -3 + 1370?
1365
In base 12, what is 3 + -3a9?
-3a6
In base 15